(r) = -14*r - 11. Determine o(-2).
17
Let z(x) = -3*x**2 - 30*x - 13. Calculate z(-9).
14
Let x(l) = 5*l - 86. Calculate x(17).
-1
Let m(t) = t**3 + 10*t**2 + 8*t + 62. Determine m(-10).
-18
Let q(j) = j**3 + 7*j**2 - 8*j + 3. Give q(-8).
3
Let s(f) = -2*f**2 + 14*f - 5. Give s(7).
-5
Let m(n) = 99*n + 596. Calculate m(-6).
2
Let q(v) = -v**3 - 22*v**2 + 2. What is q(-22)?
2
Let h(v) = v**2 + 6*v + 3. Calculate h(-6).
3
Let r(c) = -7*c + 29. What is r(5)?
-6
Let z(x) = -10*x + 5. What is z(2)?
-15
Let v(b) = -b**3 + 9*b**2 + 6*b - 6. What is v(9)?
48
Let w(p) = -2*p**2 - 31*p - 23. Determine w(-14).
19
Let l(z) = 10*z**2 - 133*z + 37. Give l(13).
-2
Let y(g) = 2*g**2 - 3*g + 4. Calculate y(-4).
48
Let p(j) = 22*j + 2. Give p(-2).
-42
Let s(i) = -i**3 - 28*i**2 - 114*i + 15. Determine s(-23).
-8
Let i(v) = -v**3 + 10*v**2 + 11*v - 9. Determine i(11).
-9
Let p(h) = -h**3 - 11*h**2 - 2*h + 22. Give p(-10).
-58
Let r(t) = 9*t + 10. What is r(4)?
46
Let l(b) = b - 51. Give l(30).
-21
Let a(t) = t. Calculate a(7).
7
Let z(k) = k**3 + 5*k**2 + 8*k + 6. Determine z(-2).
2
Let b(h) = h**3 - 18*h**2 - h + 17. What is b(18)?
-1
Let t(u) = 16*u + 51. What is t(-3)?
3
Let s(c) = -c**3 - 8*c**2 - 5*c + 10. What is s(-7)?
-4
Let z(g) = 22*g**2 - 4*g - 1. Determine z(-2).
95
Let s(z) = -z**2 - 2*z - 120. Give s(0).
-120
Let g(s) = s**3 - 44*s**2 - 34*s - 493. Give g(45).
2
Let v(j) = -j**3 - 9*j**2 - 7*j - 8. What is v(-5)?
-73
Let n(t) = -t + 13. What is n(-11)?
24
Let n(v) = 2*v - 9. What is n(6)?
3
Let d(i) = -4*i**3 + 6*i**2 + i - 3. What is d(2)?
-9
Let s(q) = q**3 + 16*q**2 - 19*q - 21. Give s(-17).
13
Let s(v) = -2*v**3 - 8*v**2. What is s(-4)?
0
Let t(g) = 19*g - 470. Give t(25).
5
Let k(b) = -19*b + 45. Give k(14).
-221
Let p(l) = -8*l - 39. Determine p(-5).
1
Let a(m) = m**3 + 7*m**2 + 12*m + 12. What is a(-7)?
-72
Let k(z) = z**3 + 5*z**2 - 7*z - 4. Determine k(-6).
2
Let m(p) = p**3 + 14*p**2 - 15*p - 2. Calculate m(-15).
-2
Let t(o) = o**2 + 10*o + 3. Give t(-7).
-18
Let c(s) = s**2 + 10*s + 18. Calculate c(-4).
-6
Let x(s) = 2*s**2 + 34*s - 44. What is x(-19)?
32
Let i(m) = 3*m - 69. What is i(25)?
6
Let g(q) = -q**3 + 7*q**2 + 8*q - 9. Give g(6).
75
Let f(a) = a**3 - 12*a**2 + 29*a - 6. Calculate f(9).
12
Let j(y) = 29*y + 52. What is j(-2)?
-6
Let n(t) = -5*t - 21. Calculate n(-7).
14
Let d(w) = w**2 + 29*w + 5. Calculate d(-28).
-23
Let m(s) = s - 3. What is m(2)?
-1
Let n(f) = -4*f + 174. Give n(42).
6
Let m(r) = 21*r**2 + r - 1. Calculate m(1).
21
Let r(x) = 2*x**3 + 37*x**2 + 17*x - 26. What is r(-18)?
-8
Let p(i) = 69*i + 78. Calculate p(-1).
9
Let q(n) = n**2 - 14*n - 8. What is q(14)?
-8
Let d(k) = -k**3 - 5*k**2 + 24*k - 13. Determine d(-8).
-13
Let d(g) = 6*g**2 - 2*g + 2. Calculate d(3).
50
Let k(d) = -10*d - 5. Calculate k(-4).
35
Let o(t) = -9*t - 209. Determine o(-18).
-47
Let w(h) = -4*h + 1. Give w(-3).
13
Let p(j) = -51*j**2 + 2*j - 1. Give p(1).
-50
Let i(h) = -h**3 + 11*h**2 - 12*h + 19. Give i(9).
73
Let i(n) = 2*n**3 + 9*n**2 - 13*n - 8. Calculate i(-6).
-38
Let x(h) = 2*h**2 - 8*h + 9. Give x(6).
33
Let o(b) = 2*b**2 - 6*b + 1. What is o(3)?
1
Let u(l) = -l**2 - 71*l - 1218. Calculate u(-29).
0
Let h(q) = -q**2 + q + 22. Calculate h(0).
22
Let u(h) = 6*h + 116. Give u(-18).
8
Let y(s) = -2*s**3 + 4*s**2 - 4*s + 1. Calculate y(1).
-1
Let m(i) = i**3 - 16*i**2 - 14*i - 47. Give m(17).
4
Let l(x) = -x**3 - 5*x**2 - 3. Give l(0).
-3
Let v(x) = 3*x - 4. Give v(-5).
-19
Let o(y) = -y**2 - 12*y - 3. Determine o(-12).
-3
Let k(j) = j**2 + 2*j + 3. Give k(-7).
38
Let t(d) = 4*d + 42. What is t(-9)?
6
Let b(o) = -5*o**2 - 4*o + 5. What is b(1)?
-4
Let i(q) = -3*q + 21. Give i(12).
-15
Let v(l) = 21*l**3 + 14*l**2 - 16*l + 3. Give v(1).
22
Let y(z) = 11*z + 133. Calculate y(-10).
23
Let u(a) = 15*a + 3. Calculate u(-2).
-27
Let k(m) = 20*m - 7. Calculate k(3).
53
Let j(t) = 25*t - 454. Determine j(19).
21
Let b(q) = 6*q - 45. Determine b(10).
15
Let l(g) = g**2 - 11*g + 9. Give l(10).
-1
Let p(s) = 4*s**2 + 8*s - 4. Determine p(-2).
-4
Let l(i) = -13*i + 60. Give l(4).
8
Let k(l) = -l**3 + l**2 + 5*l - 3. What is k(3)?
-6
Let x(f) = -f**2 - 11*f + 13. What is x(-12)?
1
Let c(l) = l**3 + 34*l**2 + 34*l - 48. Give c(-33).
-81
Let o(p) = 7*p + 81. Calculate o(-10).
11
Let a(h) = -2*h**3 + 3*h**2 - h - 1. Determine a(1).
-1
Let i(t) = 5*t + 17. Determine i(8).
57
Let g(c) = -23*c - 90. Calculate g(-5).
25
Let o(y) = -3*y - 72. Calculate o(-18).
-18
Let t(z) = 2*z**2 + 13*z - 31. Determine t(5).
84
Let m(d) = d - 12. Give m(25).
13
Let f(t) = -25*t + 1. What is f(2)?
-49
Let g(m) = m**2 - 18. Determine g(0).
-18
Let p(w) = 2*w + 15. Give p(-14).
-13
Let q(v) = -69*v - 210. Calculate q(-3).
-3
Let f(s) = s**3 - 5*s**2 + 9*s + 6. Give f(5).
51
Let s(u) = -u - 4. What is s(3)?
-7
Let x(a) = 4*a + 72. What is x(-12)?
24
Let u(g) = g**2 - 11. Determine u(0).
-11
Let c(r) = -3*r**2 + 97*r + 59. What is c(33)?
-7
Let m(j) = j**3 - 6*j**2 - 4. Determine m(6).
-4
Let f(k) = 5*k**2 + 8*k + 4. Calculate f(-2).
8
Let j(v) = v**3 + 2*v**2 - 5*v - 2. What is j(-3)?
4
Let t(a) = -a**2 - 7*a + 6. Determine t(-8).
-2
Let k(j) = -10*j**3 - j**2 + 7*j - 5. What is k(1)?
-9
Let x(l) = 4*l**2 + 43*l + 91. Determine x(-8).
3
Let l(u) = -u**3 + 3*u**2 - 8. Determine l(4).
-24
Let f(d) = 5*d - 15. What is f(3)?
0
Let j(z) = -3*z**3 - 41*z**2 + 10*z - 17. What is j(-14)?
39
Let q(s) = 3*s + 11. Calculate q(-4).
-1
Let i(p) = p**2 - 24*p + 72. Calculate i(21).
9
Let x(h) = 2*h**3 + 15*h**2 - 6*h + 11. Determine x(-8).
-5
Let w(x) = -17*x + 449. Determine w(28).
-27
Let k(o) = -o**3 - 2*o**2 + 2*o + 8. Give k(-3).
11
Let p(t) = t**3 + 12*t**2 + 10*t - 14. Give p(-11).
-3
Let i(g) = -g**2 + 81*g - 827. Determine i(69).
1
Let a(f) = -f**3 + 3*f**2 + 8*f + 9. Give a(5).
-1
Let l(x) = -x**2 + 4*x + 27. Determine l(-4).
-5
Let h(j) = -2*j + 17. Determine h(6).
5
Let k(j) = j**2 + 14*j - 2. Give k(-8).
-50
Let y(j) = -4*j - 4. Determine y(2).
-12
Let c(w) = -6*w - 6. What is c(-3)?
12
Let m(f) = -16*f - 584. Calculate m(-36).
-8
Let z(w) = w**2 + w + 3. What is z(-3)?
9
Let y(s) = -s - 9. Give y(10).
-19
Let l(q) = -3*q - 4. What is l(8)?
-28
Let v(k) = -k**3 - 13*k**2 + 34*k + 56. Calculate v(-15).
-4
Let m(c) = 6*c + 24. What is m(7)?
66
Let w(b) = -b**3 + 13*b**2 + 12*b + 32. What is w(14)?
4
Let m(v) = 5*v + 71. What is m(-22)?
-39
Let t(j) = 9*j - 290. Give t(32).
-2
Let c(y) = 2*y**2 + 2*y - 72. Give c(0).
-72
Let l(c) = c**3 + 2*c**2 + c - 3. What is l(-4)?
-39
Let z(d) = -d**2 - 35*d - 258. Determine z(-23).
18
Let f(a) = a + 11. Calculate f(-5).
6
Let g(f) = 5*f + 12. What is g(-6)?
-18
Let i(g) = g**2 + 20*g - 26. Give i(-20).
-26
Let l(z) = -22*z - 5. Give l(-1).
17
Let c(q) = -2*q - 2. What is c(6)?
-14
Let s(u) = 13*u**2 + 4*u + 8. Give s(-2).
52
Let q(k) = k**2 - 13*k + 37. Determine q(8).
-3
Let x(z) = -z**2 - 15*z - 22. Determine x(-10).
28
Let t(p) = -p**2 - 7*p - 13. Give t(-8).
-21
Let k(n) = -2*n**2 + 23*n - 55. Calculate k(8).
1
Let b(a) = -a**2 + 39*a - 260. Determine b(31).
-12
Let n(u) = u**3 - 12*u**2 + 17*u + 14. What is n(10)?
-16
Let r(f) = -f**3 + 10*f**2 + 7*f - 10. Calculate r(11).
-54
Let u(d) = d**3 + 10*d**2 - 171*d - 3. Calculate u(9).
-3
Let n(p) = -2*p - 13. Determine n(19).
-51
Let z(n) = -13*n**2 - 20*n - 21. Determine z(-1).
-14
Let a(n) = 3*n**2 + 13*n - 18. Calculate a(-5).
-8
Let f(w) = -w**3 + 7*w**2 + 9*w - 3. Give f(8).
5
Let a(f) = -19*f**3 + 2*f**2 - 1. Determine a(-1).
20
Let u(o) = -2*o**2 + 2*o + 40. What is u(5)?
0
Let v(o) = o**2 + 9*o - 16. Give v(-9).
-16
Let i(b) = 3*b + 99. Give i(-33).
0
Let l(h) = 30*h + 19. Determine l(-1).
-11
Let p(i) = -i**2 + 6*i - 4. What is p(1)?
1
Let q(g) = -10*g - 101. Calculate q(-10).
-1
Let c(g) = g**3 + 6*g**2 + 5*g - 1. Determine c(-5).
-1
Let y(z) = 11*z - 7. What is y(1)?
4
Let g(x) = -2*x - 25. Calculate g(-12).
-1
Let b(l) = l**3 - 8*l**2 - 4*l - 14. Determine b(6).
-110
Let i(q) = 3*q - 2. Determine i(-10).
-32
Let r(q) = -q - 8. Calculate r(2).
-10
Let p(y) = y**2 - 5*y - 33. Determine p(12).
51
Let b(p) = 87*p - 423. Give b(5).
12
Let p(z) = z**3 - 8*z**2 - 9*z - 12. Calculate p(9).
-12
Let g(v) = -v**3 + v + 4. Calculate g(0).
4
Let p(k) = k**3 + 19*k**2 - 18*k + 7. De